 of v?
3
Let a(n) = -n - 4. Let u be a(-8). Let y(q) = u*q**3 - 2*q**2 + 8*q**2 + q - 5*q**3 + 4. What is the tens digit of y(6)?
1
Let p(t) = -21*t + 6. Let w be p(-6). What is the tens digit of (-3)/15 + w/10?
1
Let o(z) = z**2 + 13*z + 10. What is the units digit of o(-13)?
0
Let z(w) be the second derivative of w**3/6 - 3*w. Let x be z(-9). Let n = x + 23. What is the units digit of n?
4
Let x = 6 + -6. Suppose 2*k - 3*c - 16 = x, 4*c = 3*k - 17 - 9. What is the tens digit of k?
1
Let h(u) = u**2 - 3*u + 63. What is the tens digit of h(0)?
6
Let y = 14 + -1. Let j = 24 - y. What is the tens digit of j?
1
Suppose -5*g - 5*u = 5, -5*g + 2*u = 4 - 6. Let q = g - 4. Let m(s) = -s**3 - 4*s**2 - 2*s - 3. What is the units digit of m(q)?
5
Let n = -73 + 108. What is the units digit of n?
5
Suppose 5*r = 2*x + 705, 3*r + 239 = -2*x + 662. What is the hundreds digit of r?
1
Let f(i) = -2*i**3 + 3*i - 1. Let r be f(2). Let j be -1 - r - (0 - -2). Suppose -t + j = 2. What is the units digit of t?
6
Let g(n) = -4*n**3 - 5 + 5*n**3 - 3*n**2 - 7*n + 7*n**2. Let r be g(-5). Suppose 3 - 13 = -r*m. What is the units digit of m?
2
What is the units digit of (-2 - -13)/((-1)/19)*-1?
9
What is the tens digit of ((-10)/(-6))/(3 + 68/(-24))?
1
Suppose 0 = 3*z + 2*z + 5*s - 20, -4*z + 21 = -s. Suppose z = -4*k + 29. What is the units digit of k?
6
Let k = -162 + 259. What is the units digit of k?
7
Suppose u = -u + 4*a + 48, 78 = 5*u + 4*a. What is the tens digit of u?
1
Let j = -33 + 63. Let x = 43 - j. What is the units digit of x?
3
Let w = -6 + 0. Let b(h) = -h**2 - 6*h + 7. What is the units digit of b(w)?
7
Let c(q) = 5*q**3. Suppose h + 12 = 5*h, 0 = 4*w - 3*h - 11. Suppose -w*j - 2*g - 3 = 0, 3*j = g - 3*g - 5. What is the units digit of c(j)?
5
Let i = 2 + -4. Suppose 0 = 5*p - 4*p + 3. What is the units digit of (-2)/p*(-9)/i?
3
Let n = 59 + -9. What is the units digit of n?
0
Suppose 5*d = 3*a - 45, d - 3*d - 14 = -2*a. What is the units digit of d*(3 - 69/12)?
3
Suppose 0 = -5*j + 18 - 8. Let m be 1*(2/(-2) + j). Let w = m - -4. What is the units digit of w?
5
Suppose -4*j + 455 + 505 = 0. What is the units digit of j?
0
Let u(w) = 8*w**2 - 3. Let g be u(-3). Suppose 5*t + 0*p + 2*p = -73, 5*t + p + g = 0. Let h = -9 - t. What is the units digit of h?
4
Let y = 10 - -8. What is the tens digit of y?
1
Let g(q) = -5*q**2 - 8*q + 5. Let b(t) = 4*t**2 + 7*t - 4. Let v(z) = -6*b(z) - 5*g(z). Let w be v(-1). Suppose -w*u = 2*u - 8. What is the units digit of u?
2
Suppose 2*h = -0*h + 4. Let n(d) = -3*d**3 - d - 7 + 4*d**3 + 5*d**2 - h*d + 0*d**3. What is the units digit of n(-5)?
8
Suppose 77 + 52 = 3*m. What is the tens digit of m?
4
Let q = 14 - 7. Let r be 0 - -2*q/2. Suppose a - k - r + 2 = 0, 2*k + 5 = -3*a. What is the units digit of a?
1
Let t(s) = 3*s + 7. Let l be t(7). Let k = l - 15. What is the tens digit of k?
1
Let k(j) = j**3 - j**2 + 2. Let w be k(0). Let f = 118 - 74. Suppose 0*h + f = w*h. What is the tens digit of h?
2
Let g(s) = -8*s + 20. What is the hundreds digit of g(-19)?
1
Suppose -m = -0*m - 104. What is the units digit of m?
4
Suppose -5*i + 326 + 69 = 0. What is the tens digit of i?
7
Let u = -50 + 96. What is the units digit of u?
6
Let u(r) = r**3 + 23. Let o = 9 - 9. What is the tens digit of u(o)?
2
What is the units digit of 60/8*(-2)/10*-4?
6
Suppose 8*g - 4*g - 12 = 0. Suppose -4*w + x - 4 = 1, -5*w = g*x - 15. What is the units digit of 126/27*(w - -3)?
4
Let i = 18 + -30. Let z be (-4)/(-6) + (-124)/i. What is the units digit of 2/(-4) - z/(-2)?
5
Let u(q) be the first derivative of q**3/3 - q - 2. Let o = -22 - -24. What is the units digit of u(o)?
3
Suppose 4*a - 146 = -2*f, a - 4*a = -4*f - 82. What is the units digit of a?
4
Let p = 13 - 8. Suppose 75 = 3*u - 2*m - 3*m, -5*m = -p*u + 125. What is the units digit of u?
5
Suppose 2*o - 6 = 12. Let r be ((-24)/o)/(2/(-3)). Suppose 5*t = -r*l - 2, -3*l + l - 6 = 5*t. What is the units digit of l?
2
Let c be (12/(-8))/(6/(-8)). What is the tens digit of 1/c*(15 - -7)?
1
Let j be (-28)/(-2)*(-9)/18. Let h(r) = r**3 + 7*r**2 - 3*r - 6. What is the tens digit of h(j)?
1
What is the tens digit of -1*4/8*-130?
6
Suppose -4*v + 10 = -2*d, -2*d = -d - 3. Let s = 6 + v. What is the units digit of s?
0
What is the hundreds digit of (263 - (1 + -1))*(35 - 34)?
2
Let r(b) = b**3 + 5*b**2 - 3*b - 8. Let u be r(-6). What is the units digit of (-8 + 9)*(0 - u)?
6
Suppose 18 = 2*m - 5*n, 0*m - 4*n = m + 4. Let g(v) = -v + 59. Let k be g(0). Suppose -28 = -t + 4*z, 0 = m*t - 4*z + 7 - k. What is the units digit of t?
8
Let w be (-84)/18 + 2/3. Let g = 5 + w. What is the units digit of g?
1
Suppose 6*s - 5*s = -13. Let r = s - -36. What is the tens digit of r?
2
Let g(o) be the third derivative of o**5/60 - 3*o**2. What is the units digit of g(-3)?
9
Suppose -h + 0*h - 13 = 0. Let u = h - -18. Suppose u*c - 30 = 5. What is the units digit of c?
7
Suppose 1 - 4 = g. Let o(w) = 4*w**2 + 2*w - 7. What is the units digit of o(g)?
3
Suppose 70 = 2*g + 3*g - 4*z, z = -2*g + 28. Let m be 4/(-6) - g/(-21). Suppose -2*i + 4*w = -22 - m, -2*w - 10 = 0. What is the units digit of i?
1
Let w(x) = x**2 + 3*x + 9. What is the units digit of w(-10)?
9
Suppose -3*t + 6 = -0*t. Suppose -6*l + 16 = -t*l + 4*u, 4*u + 38 = 2*l. What is the units digit of l?
9
Let x be 0/(1 + -1 - -2). Let j be x/2 + 1 + 6. What is the units digit of -2 + j/(7/10)?
8
Suppose 18 = 2*k + 4*d, 4*k - 3*k - 5*d = 37. Suppose 5*r + 4*o - 83 = -k, o = 3*r - 26. What is the units digit of r?
0
Suppose 6 = t - 3*q, 5*t + 2*q = -11 - 10. What is the units digit of 14/8*(5 - t)?
4
Let c = 5 + -10. Let r = 6 - c. What is the units digit of r?
1
Let s(m) = -6*m - 1. Suppose -3*y = -3*h + 1 + 2, 5*y = 3*h - 13. What is the tens digit of s(y)?
2
Let j be 2 + -2 + 3 - -14. Suppose -3*q + j = -4. What is the units digit of q?
7
Let x = -38 - -153. What is the tens digit of x?
1
Let b(u) = 8*u**2 + 0 - u**3 + 5*u + 0 + 4 + 4*u. Suppose -5*s + 2*m = 6*m - 45, 4*s + 5*m - 36 = 0. What is the units digit of b(s)?
4
Suppose j + 70 = 3*j. What is the units digit of j?
5
Let l(o) = -o**3 - 10*o**2 - 14*o - 7. What is the tens digit of l(-9)?
3
Let t(a) = a**3 + 4*a**2 - 5*a. Suppose 11 - 7 = 2*f. What is the tens digit of t(f)?
1
Suppose u + 4 - 7 = 0. Suppose 6*g - 3*g = 9. Suppose -24 = -g*w + u. What is the units digit of w?
9
Let w = 10 + 4. Let h = w + -9. Suppose -4 = -h*b + 1. What is the units digit of b?
1
Let d = -166 + 279. What is the hundreds digit of d?
1
Let m(x) = -x**2. Let a(d) = -3*d**2 - 4*d + 5. Let v(n) = a(n) - 4*m(n). Let j(l) = -l**3 - 4*l**2 + 3*l - 6. Let k be j(-5). What is the units digit of v(k)?
5
Let s be (124/6)/((-12)/(-18)). Let x = 11 + 5. Suppose -5*o - 4*q + x = -2*o, q = -3*o + s. What is the tens digit of o?
1
Suppose 2*v - 5*i = -v + 260, 60 = v + 5*i. What is the units digit of v?
0
Suppose 2*k + 1 = 2*v - 1, 0 = 3*v + 2*k - 13. Suppose 4*b = -4*o + 24, -3*b = 4*o - v*o - 20. Let z = -2 + b. What is the units digit of z?
5
Let m be 1/((-3)/3) + 3. Suppose m*n + 2 = 12. Suppose -5*j = v + 3 + 4, -v + n*j = -23. What is the units digit of v?
8
Suppose 2*b - 20 = -3*b. Let r = 8 - b. Suppose 0 = r*k + l - 31, 3*l = -2*k - 0*l + 23. What is the units digit of k?
7
Suppose 0 = -l - 3*c + 95, 0 = -5*c - 0 + 25. What is the tens digit of l?
8
Let a = -6 - -9. Suppose 12 = 2*m + a*t - 9, 0 = 4*m - 4*t - 92. What is the units digit of m?
8
Let f be -1 - 1/((-4)/12). What is the units digit of (f - -1) + 3 + 1?
7
Suppose -3*r - 3*h - 8 = -83, h = -5*r + 117. Let y = r - -2. What is the tens digit of y?
2
Let u = 4 + -3. Suppose 2*p = -u + 7. Suppose -a + 3 = -p. What is the units digit of a?
6
What is the units digit of (-1)/(5/(-1516)) - 3/15?
3
Let g be (-26)/(-5) - (-1)/(-5). Suppose g*n + 3 = r + 3*r, -5*n + 3 = -r. Suppose 5*q = 25, r*q - 22 = 5*x - 67. What is the units digit of x?
1
Let w(n) = -4*n + 1. Let c be w(3). Let h = -1 - c. What is the tens digit of h?
1
Suppose 4*i - 426 = -2*a, -4*i - 4*a + a + 429 = 0. What is the tens digit of i?
0
What is the tens digit of 3627/26 - 1/(-2)?
4
Suppose 2 = -3*h - 4, -47 = -p + h. What is the units digit of p?
5
Let n(k) = 2*k + 3. Let u be n(-3). Suppose 2*l